{"id":6511,"date":"2024-05-24T16:32:11","date_gmt":"2024-05-24T14:32:11","guid":{"rendered":"https:\/\/ilcorpoelospirito.archetipoagency.it\/?post_type=product&#038;p=6511"},"modified":"2026-01-04T12:08:39","modified_gmt":"2026-01-04T11:08:39","slug":"pate-di-olive-nere-270g","status":"publish","type":"product","link":"https:\/\/ilcorpoelospirito.archetipoagency.it\/en\/product\/pate-di-olive-nere-270g\/","title":{"rendered":"Pat\u00e8 di Olive nere 270g."},"content":{"rendered":"<div class=\"page\" title=\"Page 12\">\n<div class=\"section\">\n<div class=\"layoutArea\">\n<div class=\"column\">\n<div class=\"prodottoPage_descrizone\">\n<p>Le olive leccine e celline sono tipiche del Salento. Si raccolgono tra ottobre e novembre, e vengono subito conferite dai contadini olivicoltori nell\u2019azienda. Vengono lavate e deamarizzate in acqua e sale per circa 6 mesi attraverso un metodo che quindi \u00e8 naturale e legato alla tradizione. Le olive vengono poi lavorate per estrarne la polpa che costituisce questo pat\u00e9 composto da entrambe le variet\u00e0, per dare un perfetto equilibrio di gusto e colore. Il pat\u00e9 viene invasato, usando ovviamente olio extra vergine di oliva.<\/p>\n<\/div>\n<div class=\"prodottoPage_ingredienti\">\n<h4>Ingredients:<\/h4>\n<ul>\n<li>olive nere (variet\u00e0 \u201cLeccina\u201d e \u201cCellina\u201d) (88%),<\/li>\n<li>olio extra vergine di oliva (10%),<\/li>\n<li>sale integrale,<\/li>\n<li>succo di limone.<\/li>\n<\/ul>\n<p>&nbsp;<\/p>\n<h4>Product:<\/h4>\n<p>Trentin Societ\u00e0 Agricola srl\u00a0 S.P. 250 Felline \u2013 Torre S. Giovanni km.1+000 \u2013 Ugento (LE) \u2013 Italia<\/p>\n<\/div>\n<\/div>\n<\/div>\n<\/div>\n<\/div>","protected":false},"excerpt":{"rendered":"<p>Il pat\u00e9 di olive composto da variet\u00e0 leccine e celline, per dare un perfetto equilibrio di gusto e colore, viene invasato, usando ovviamente olio extra vergine di oliva. Ottime come stuzzichino o aperitivo per la bruschetta ed esaltano ogni insalata di patate. E poi, largo alla fantasia!<\/p>","protected":false},"featured_media":6507,"comment_status":"open","ping_status":"closed","template":"","meta":[],"product_brand":[],"product_cat":[108],"product_tag":[],"class_list":["post-6511","product","type-product","status-publish","has-post-thumbnail","product_cat-pate","pa_produttore-i-contadini","first","instock","shipping-taxable","purchasable","product-type-simple"],"yoast_head":"<!-- This site is optimized with the Yoast SEO plugin v27.6 - https:\/\/yoast.com\/product\/yoast-seo-wordpress\/ -->\n<title>Pat\u00e8 di Olive nere 270g. | Il corpo e lo spirito<\/title>\n<meta name=\"robots\" content=\"index, follow, max-snippet:-1, max-image-preview:large, max-video-preview:-1\" \/>\n<link rel=\"canonical\" href=\"https:\/\/ilcorpoelospirito.archetipoagency.it\/en\/prodotto\/pate-di-olive-nere-270g\/\" \/>\n<meta property=\"og:locale\" content=\"en_US\" \/>\n<meta property=\"og:type\" content=\"article\" \/>\n<meta property=\"og:title\" content=\"Pat\u00e8 di Olive nere 270g. | Il corpo e lo spirito\" \/>\n<meta property=\"og:description\" content=\"Il pat\u00e9 di olive composto da variet\u00e0 leccine e celline, per dare un perfetto equilibrio di gusto e colore, viene invasato, usando ovviamente olio extra vergine di oliva. Ottime come stuzzichino o aperitivo per la bruschetta ed esaltano ogni insalata di patate. E poi, largo alla fantasia!\" \/>\n<meta property=\"og:url\" content=\"https:\/\/ilcorpoelospirito.archetipoagency.it\/en\/prodotto\/pate-di-olive-nere-270g\/\" \/>\n<meta property=\"og:site_name\" content=\"Il corpo e lo spirito\" \/>\n<meta property=\"article:modified_time\" content=\"2026-01-04T11:08:39+00:00\" \/>\n<meta property=\"og:image\" content=\"https:\/\/ilcorpoelospirito.archetipoagency.it\/wp-content\/uploads\/2023\/02\/20240524_125741.jpg\" \/>\n\t<meta property=\"og:image:width\" content=\"1428\" \/>\n\t<meta property=\"og:image:height\" content=\"1428\" \/>\n\t<meta property=\"og:image:type\" content=\"image\/jpeg\" \/>\n<meta name=\"twitter:card\" content=\"summary_large_image\" \/>\n<meta name=\"twitter:label1\" content=\"Est. reading time\" \/>\n\t<meta name=\"twitter:data1\" content=\"1 minute\" \/>\n<script type=\"application\/ld+json\" class=\"yoast-schema-graph\">{\"@context\":\"https:\\\/\\\/schema.org\",\"@graph\":[{\"@type\":\"WebPage\",\"@id\":\"https:\\\/\\\/ilcorpoelospirito.archetipoagency.it\\\/en\\\/prodotto\\\/pate-di-olive-nere-270g\\\/\",\"url\":\"https:\\\/\\\/ilcorpoelospirito.archetipoagency.it\\\/en\\\/prodotto\\\/pate-di-olive-nere-270g\\\/\",\"name\":\"Pat\u00e8 di Olive nere 270g. | Il corpo e lo spirito\",\"isPartOf\":{\"@id\":\"https:\\\/\\\/ilcorpoelospirito.archetipoagency.it\\\/#website\"},\"primaryImageOfPage\":{\"@id\":\"https:\\\/\\\/ilcorpoelospirito.archetipoagency.it\\\/en\\\/prodotto\\\/pate-di-olive-nere-270g\\\/#primaryimage\"},\"image\":{\"@id\":\"https:\\\/\\\/ilcorpoelospirito.archetipoagency.it\\\/en\\\/prodotto\\\/pate-di-olive-nere-270g\\\/#primaryimage\"},\"thumbnailUrl\":\"https:\\\/\\\/ilcorpoelospirito.archetipoagency.it\\\/wp-content\\\/uploads\\\/2023\\\/02\\\/20240524_125741.jpg\",\"datePublished\":\"2024-05-24T14:32:11+00:00\",\"dateModified\":\"2026-01-04T11:08:39+00:00\",\"breadcrumb\":{\"@id\":\"https:\\\/\\\/ilcorpoelospirito.archetipoagency.it\\\/en\\\/prodotto\\\/pate-di-olive-nere-270g\\\/#breadcrumb\"},\"inLanguage\":\"en-US\",\"potentialAction\":[{\"@type\":\"ReadAction\",\"target\":[\"https:\\\/\\\/ilcorpoelospirito.archetipoagency.it\\\/en\\\/prodotto\\\/pate-di-olive-nere-270g\\\/\"]}]},{\"@type\":\"ImageObject\",\"inLanguage\":\"en-US\",\"@id\":\"https:\\\/\\\/ilcorpoelospirito.archetipoagency.it\\\/en\\\/prodotto\\\/pate-di-olive-nere-270g\\\/#primaryimage\",\"url\":\"https:\\\/\\\/ilcorpoelospirito.archetipoagency.it\\\/wp-content\\\/uploads\\\/2023\\\/02\\\/20240524_125741.jpg\",\"contentUrl\":\"https:\\\/\\\/ilcorpoelospirito.archetipoagency.it\\\/wp-content\\\/uploads\\\/2023\\\/02\\\/20240524_125741.jpg\",\"width\":1428,\"height\":1428},{\"@type\":\"BreadcrumbList\",\"@id\":\"https:\\\/\\\/ilcorpoelospirito.archetipoagency.it\\\/en\\\/prodotto\\\/pate-di-olive-nere-270g\\\/#breadcrumb\",\"itemListElement\":[{\"@type\":\"ListItem\",\"position\":1,\"name\":\"Home\",\"item\":\"https:\\\/\\\/ilcorpoelospirito.archetipoagency.it\\\/\"},{\"@type\":\"ListItem\",\"position\":2,\"name\":\"Shop\",\"item\":\"https:\\\/\\\/ilcorpoelospirito.archetipoagency.it\\\/shop\\\/\"},{\"@type\":\"ListItem\",\"position\":3,\"name\":\"Pat\u00e8 di Olive nere 270g.\"}]},{\"@type\":\"WebSite\",\"@id\":\"https:\\\/\\\/ilcorpoelospirito.archetipoagency.it\\\/#website\",\"url\":\"https:\\\/\\\/ilcorpoelospirito.archetipoagency.it\\\/\",\"name\":\"Il Corpo e lo Spirito\",\"description\":\"\",\"publisher\":{\"@id\":\"https:\\\/\\\/ilcorpoelospirito.archetipoagency.it\\\/#organization\"},\"alternateName\":\"Prelibatezze Monastiche e regionali\",\"potentialAction\":[{\"@type\":\"SearchAction\",\"target\":{\"@type\":\"EntryPoint\",\"urlTemplate\":\"https:\\\/\\\/ilcorpoelospirito.archetipoagency.it\\\/?s={search_term_string}\"},\"query-input\":{\"@type\":\"PropertyValueSpecification\",\"valueRequired\":true,\"valueName\":\"search_term_string\"}}],\"inLanguage\":\"en-US\"},{\"@type\":\"Organization\",\"@id\":\"https:\\\/\\\/ilcorpoelospirito.archetipoagency.it\\\/#organization\",\"name\":\"Il Corpo e lo Spirito\",\"alternateName\":\"Prelibatezze Monastiche e regionali\",\"url\":\"https:\\\/\\\/ilcorpoelospirito.archetipoagency.it\\\/\",\"logo\":{\"@type\":\"ImageObject\",\"inLanguage\":\"en-US\",\"@id\":\"https:\\\/\\\/ilcorpoelospirito.archetipoagency.it\\\/#\\\/schema\\\/logo\\\/image\\\/\",\"url\":\"https:\\\/\\\/ilcorpoelospirito.archetipoagency.it\\\/wp-content\\\/uploads\\\/2022\\\/10\\\/logo-marrone.png\",\"contentUrl\":\"https:\\\/\\\/ilcorpoelospirito.archetipoagency.it\\\/wp-content\\\/uploads\\\/2022\\\/10\\\/logo-marrone.png\",\"width\":2192,\"height\":568,\"caption\":\"Il Corpo e lo Spirito\"},\"image\":{\"@id\":\"https:\\\/\\\/ilcorpoelospirito.archetipoagency.it\\\/#\\\/schema\\\/logo\\\/image\\\/\"}}]}<\/script>\n<!-- \/ Yoast SEO plugin. -->","yoast_head_json":{"title":"Pat\u00e8 di Olive nere 270g. | Il corpo e lo spirito","robots":{"index":"index","follow":"follow","max-snippet":"max-snippet:-1","max-image-preview":"max-image-preview:large","max-video-preview":"max-video-preview:-1"},"canonical":"https:\/\/ilcorpoelospirito.archetipoagency.it\/en\/prodotto\/pate-di-olive-nere-270g\/","og_locale":"en_US","og_type":"article","og_title":"Pat\u00e8 di Olive nere 270g. | Il corpo e lo spirito","og_description":"Il pat\u00e9 di olive composto da variet\u00e0 leccine e celline, per dare un perfetto equilibrio di gusto e colore, viene invasato, usando ovviamente olio extra vergine di oliva. Ottime come stuzzichino o aperitivo per la bruschetta ed esaltano ogni insalata di patate. E poi, largo alla fantasia!","og_url":"https:\/\/ilcorpoelospirito.archetipoagency.it\/en\/prodotto\/pate-di-olive-nere-270g\/","og_site_name":"Il corpo e lo spirito","article_modified_time":"2026-01-04T11:08:39+00:00","og_image":[{"width":1428,"height":1428,"url":"https:\/\/ilcorpoelospirito.archetipoagency.it\/wp-content\/uploads\/2023\/02\/20240524_125741.jpg","type":"image\/jpeg"}],"twitter_card":"summary_large_image","twitter_misc":{"Est. reading time":"1 minute"},"schema":{"@context":"https:\/\/schema.org","@graph":[{"@type":"WebPage","@id":"https:\/\/ilcorpoelospirito.archetipoagency.it\/en\/prodotto\/pate-di-olive-nere-270g\/","url":"https:\/\/ilcorpoelospirito.archetipoagency.it\/en\/prodotto\/pate-di-olive-nere-270g\/","name":"Pat\u00e8 di Olive nere 270g. | Il corpo e lo spirito","isPartOf":{"@id":"https:\/\/ilcorpoelospirito.archetipoagency.it\/#website"},"primaryImageOfPage":{"@id":"https:\/\/ilcorpoelospirito.archetipoagency.it\/en\/prodotto\/pate-di-olive-nere-270g\/#primaryimage"},"image":{"@id":"https:\/\/ilcorpoelospirito.archetipoagency.it\/en\/prodotto\/pate-di-olive-nere-270g\/#primaryimage"},"thumbnailUrl":"https:\/\/ilcorpoelospirito.archetipoagency.it\/wp-content\/uploads\/2023\/02\/20240524_125741.jpg","datePublished":"2024-05-24T14:32:11+00:00","dateModified":"2026-01-04T11:08:39+00:00","breadcrumb":{"@id":"https:\/\/ilcorpoelospirito.archetipoagency.it\/en\/prodotto\/pate-di-olive-nere-270g\/#breadcrumb"},"inLanguage":"en-US","potentialAction":[{"@type":"ReadAction","target":["https:\/\/ilcorpoelospirito.archetipoagency.it\/en\/prodotto\/pate-di-olive-nere-270g\/"]}]},{"@type":"ImageObject","inLanguage":"en-US","@id":"https:\/\/ilcorpoelospirito.archetipoagency.it\/en\/prodotto\/pate-di-olive-nere-270g\/#primaryimage","url":"https:\/\/ilcorpoelospirito.archetipoagency.it\/wp-content\/uploads\/2023\/02\/20240524_125741.jpg","contentUrl":"https:\/\/ilcorpoelospirito.archetipoagency.it\/wp-content\/uploads\/2023\/02\/20240524_125741.jpg","width":1428,"height":1428},{"@type":"BreadcrumbList","@id":"https:\/\/ilcorpoelospirito.archetipoagency.it\/en\/prodotto\/pate-di-olive-nere-270g\/#breadcrumb","itemListElement":[{"@type":"ListItem","position":1,"name":"Home","item":"https:\/\/ilcorpoelospirito.archetipoagency.it\/"},{"@type":"ListItem","position":2,"name":"Shop","item":"https:\/\/ilcorpoelospirito.archetipoagency.it\/shop\/"},{"@type":"ListItem","position":3,"name":"Pat\u00e8 di Olive nere 270g."}]},{"@type":"WebSite","@id":"https:\/\/ilcorpoelospirito.archetipoagency.it\/#website","url":"https:\/\/ilcorpoelospirito.archetipoagency.it\/","name":"Il corpo e lo spirito","description":"","publisher":{"@id":"https:\/\/ilcorpoelospirito.archetipoagency.it\/#organization"},"alternateName":"Prelibatezze Monastiche e regionali","potentialAction":[{"@type":"SearchAction","target":{"@type":"EntryPoint","urlTemplate":"https:\/\/ilcorpoelospirito.archetipoagency.it\/?s={search_term_string}"},"query-input":{"@type":"PropertyValueSpecification","valueRequired":true,"valueName":"search_term_string"}}],"inLanguage":"en-US"},{"@type":"Organization","@id":"https:\/\/ilcorpoelospirito.archetipoagency.it\/#organization","name":"Il corpo e lo spirito","alternateName":"Prelibatezze Monastiche e regionali","url":"https:\/\/ilcorpoelospirito.archetipoagency.it\/","logo":{"@type":"ImageObject","inLanguage":"en-US","@id":"https:\/\/ilcorpoelospirito.archetipoagency.it\/#\/schema\/logo\/image\/","url":"https:\/\/ilcorpoelospirito.archetipoagency.it\/wp-content\/uploads\/2022\/10\/logo-marrone.png","contentUrl":"https:\/\/ilcorpoelospirito.archetipoagency.it\/wp-content\/uploads\/2022\/10\/logo-marrone.png","width":2192,"height":568,"caption":"Il Corpo e lo Spirito"},"image":{"@id":"https:\/\/ilcorpoelospirito.archetipoagency.it\/#\/schema\/logo\/image\/"}}]}},"_links":{"self":[{"href":"https:\/\/ilcorpoelospirito.archetipoagency.it\/en\/wp-json\/wp\/v2\/product\/6511","targetHints":{"allow":["GET"]}}],"collection":[{"href":"https:\/\/ilcorpoelospirito.archetipoagency.it\/en\/wp-json\/wp\/v2\/product"}],"about":[{"href":"https:\/\/ilcorpoelospirito.archetipoagency.it\/en\/wp-json\/wp\/v2\/types\/product"}],"replies":[{"embeddable":true,"href":"https:\/\/ilcorpoelospirito.archetipoagency.it\/en\/wp-json\/wp\/v2\/comments?post=6511"}],"wp:featuredmedia":[{"embeddable":true,"href":"https:\/\/ilcorpoelospirito.archetipoagency.it\/en\/wp-json\/wp\/v2\/media\/6507"}],"wp:attachment":[{"href":"https:\/\/ilcorpoelospirito.archetipoagency.it\/en\/wp-json\/wp\/v2\/media?parent=6511"}],"wp:term":[{"taxonomy":"product_brand","embeddable":true,"href":"https:\/\/ilcorpoelospirito.archetipoagency.it\/en\/wp-json\/wp\/v2\/product_brand?post=6511"},{"taxonomy":"product_cat","embeddable":true,"href":"https:\/\/ilcorpoelospirito.archetipoagency.it\/en\/wp-json\/wp\/v2\/product_cat?post=6511"},{"taxonomy":"product_tag","embeddable":true,"href":"https:\/\/ilcorpoelospirito.archetipoagency.it\/en\/wp-json\/wp\/v2\/product_tag?post=6511"}],"curies":[{"name":"wp","href":"https:\/\/api.w.org\/{rel}","templated":true}]}}

Patè di Olive nere 270g.

<div class="page" title="Page 12">
<div class="section">
<div class="layoutArea">
<div class="column">
<div class="prodottoPage_descrizone">
<p>Le olive leccine e celline sono tipiche del Salento. Si raccolgono tra ottobre e novembre, e vengono subito conferite dai contadini olivicoltori nell’azienda. Vengono lavate e deamarizzate in acqua e sale per circa 6 mesi attraverso un metodo che quindi è naturale e legato alla tradizione. Le olive vengono poi lavorate per estrarne la polpa che costituisce questo paté composto da entrambe le varietà, per dare un perfetto equilibrio di gusto e colore. Il paté viene invasato, usando ovviamente olio extra vergine di oliva.</p>
</div>
<div class="prodottoPage_ingredienti">
<h4>Ingredients:</h4>
<ul>
<li>olive nere (varietà “Leccina” e “Cellina”) (88%),</li>
<li>olio extra vergine di oliva (10%),</li>
<li>sale integrale,</li>
<li>succo di limone.</li>
</ul>
<p>&nbsp;</p>
<h4>Product:</h4>
<p>Trentin Società Agricola srl  S.P. 250 Felline – Torre S. Giovanni km.1+000 – Ugento (LE) – Italia</p>
</div>
</div>
</div>
</div>
</div>

<p>Il paté di olive composto da varietà leccine e celline, per dare un perfetto equilibrio di gusto e colore, viene invasato, usando ovviamente olio extra vergine di oliva. Ottime come stuzzichino o aperitivo per la bruschetta ed esaltano ogni insalata di patate. E poi, largo alla fantasia!</p>

<!-- This site is optimized with the Yoast SEO plugin v27.6 - https://yoast.com/product/yoast-seo-wordpress/ -->
<title>Patè di Olive nere 270g. | Il corpo e lo spirito</title>
<meta name="robots" content="index, follow, max-snippet:-1, max-image-preview:large, max-video-preview:-1" />
<link rel="canonical" href="https://ilcorpoelospirito.archetipoagency.it/en/prodotto/pate-di-olive-nere-270g/" />
<meta property="og:locale" content="en_US" />
<meta property="og:type" content="article" />
<meta property="og:title" content="Patè di Olive nere 270g. | Il corpo e lo spirito" />
<meta property="og:description" content="Il paté di olive composto da varietà leccine e celline, per dare un perfetto equilibrio di gusto e colore, viene invasato, usando ovviamente olio extra vergine di oliva. Ottime come stuzzichino o aperitivo per la bruschetta ed esaltano ogni insalata di patate. E poi, largo alla fantasia!" />
<meta property="og:url" content="https://ilcorpoelospirito.archetipoagency.it/en/prodotto/pate-di-olive-nere-270g/" />
<meta property="og:site_name" content="Il corpo e lo spirito" />
<meta property="article:modified_time" content="2026-01-04T11:08:39+00:00" />
<meta property="og:image" content="https://ilcorpoelospirito.archetipoagency.it/wp-content/uploads/2023/02/20240524_125741.jpg" />
	<meta property="og:image:width" content="1428" />
	<meta property="og:image:height" content="1428" />
	<meta property="og:image:type" content="image/jpeg" />
<meta name="twitter:card" content="summary_large_image" />
<meta name="twitter:label1" content="Est. reading time" />
	<meta name="twitter:data1" content="1 minute" />
<script type="application/ld+json" class="yoast-schema-graph">{"@context":"https:\/\/schema.org","@graph":[{"@type":"WebPage","@id":"https:\/\/ilcorpoelospirito.archetipoagency.it\/en\/prodotto\/pate-di-olive-nere-270g\/","url":"https:\/\/ilcorpoelospirito.archetipoagency.it\/en\/prodotto\/pate-di-olive-nere-270g\/","name":"Patè di Olive nere 270g. | Il corpo e lo spirito","isPartOf":{"@id":"https:\/\/ilcorpoelospirito.archetipoagency.it\/#website"},"primaryImageOfPage":{"@id":"https:\/\/ilcorpoelospirito.archetipoagency.it\/en\/prodotto\/pate-di-olive-nere-270g\/#primaryimage"},"image":{"@id":"https:\/\/ilcorpoelospirito.archetipoagency.it\/en\/prodotto\/pate-di-olive-nere-270g\/#primaryimage"},"thumbnailUrl":"https:\/\/ilcorpoelospirito.archetipoagency.it\/wp-content\/uploads\/2023\/02\/20240524_125741.jpg","datePublished":"2024-05-24T14:32:11+00:00","dateModified":"2026-01-04T11:08:39+00:00","breadcrumb":{"@id":"https:\/\/ilcorpoelospirito.archetipoagency.it\/en\/prodotto\/pate-di-olive-nere-270g\/#breadcrumb"},"inLanguage":"en-US","potentialAction":[{"@type":"ReadAction","target":["https:\/\/ilcorpoelospirito.archetipoagency.it\/en\/prodotto\/pate-di-olive-nere-270g\/"]}]},{"@type":"ImageObject","inLanguage":"en-US","@id":"https:\/\/ilcorpoelospirito.archetipoagency.it\/en\/prodotto\/pate-di-olive-nere-270g\/#primaryimage","url":"https:\/\/ilcorpoelospirito.archetipoagency.it\/wp-content\/uploads\/2023\/02\/20240524_125741.jpg","contentUrl":"https:\/\/ilcorpoelospirito.archetipoagency.it\/wp-content\/uploads\/2023\/02\/20240524_125741.jpg","width":1428,"height":1428},{"@type":"BreadcrumbList","@id":"https:\/\/ilcorpoelospirito.archetipoagency.it\/en\/prodotto\/pate-di-olive-nere-270g\/#breadcrumb","itemListElement":[{"@type":"ListItem","position":1,"name":"Home","item":"https:\/\/ilcorpoelospirito.archetipoagency.it\/"},{"@type":"ListItem","position":2,"name":"Shop","item":"https:\/\/ilcorpoelospirito.archetipoagency.it\/shop\/"},{"@type":"ListItem","position":3,"name":"Patè di Olive nere 270g."}]},{"@type":"WebSite","@id":"https:\/\/ilcorpoelospirito.archetipoagency.it\/#website","url":"https:\/\/ilcorpoelospirito.archetipoagency.it\/","name":"Il Corpo e lo Spirito","description":"","publisher":{"@id":"https:\/\/ilcorpoelospirito.archetipoagency.it\/#organization"},"alternateName":"Prelibatezze Monastiche e regionali","potentialAction":[{"@type":"SearchAction","target":{"@type":"EntryPoint","urlTemplate":"https:\/\/ilcorpoelospirito.archetipoagency.it\/?s={search_term_string}"},"query-input":{"@type":"PropertyValueSpecification","valueRequired":true,"valueName":"search_term_string"}}],"inLanguage":"en-US"},{"@type":"Organization","@id":"https:\/\/ilcorpoelospirito.archetipoagency.it\/#organization","name":"Il Corpo e lo Spirito","alternateName":"Prelibatezze Monastiche e regionali","url":"https:\/\/ilcorpoelospirito.archetipoagency.it\/","logo":{"@type":"ImageObject","inLanguage":"en-US","@id":"https:\/\/ilcorpoelospirito.archetipoagency.it\/#\/schema\/logo\/image\/","url":"https:\/\/ilcorpoelospirito.archetipoagency.it\/wp-content\/uploads\/2022\/10\/logo-marrone.png","contentUrl":"https:\/\/ilcorpoelospirito.archetipoagency.it\/wp-content\/uploads\/2022\/10\/logo-marrone.png","width":2192,"height":568,"caption":"Il Corpo e lo Spirito"},"image":{"@id":"https:\/\/ilcorpoelospirito.archetipoagency.it\/#\/schema\/logo\/image\/"}}]}</script>
<!-- / Yoast SEO plugin. -->

Patè di Olive nere 270g. | Il corpo e lo spirito

Il paté di olive composto da varietà leccine e celline, per dare un perfetto equilibrio di gusto e colore, viene invasato, usando ovviamente olio extra vergine di oliva. Ottime come stuzzichino o aperitivo per la bruschetta ed esaltano ogni insalata di patate. E poi, largo alla fantasia!
